{"id":42127,"date":"2022-05-13T09:28:39","date_gmt":"2022-05-13T07:28:39","guid":{"rendered":"https:\/\/infashion.si\/Bez kategorije\/kratki-zenski-cipkasti-kombinezon-alina-bijela\/"},"modified":"2022-05-13T09:28:39","modified_gmt":"2022-05-13T07:28:39","slug":"kratki-zenski-kombinezoni-cipka-alina-bijela","status":"publish","type":"product","link":"https:\/\/infashion.si\/hr\/ispusni-otvor\/kratki-zenski-kombinezoni-cipka-alina-bijela\/","title":{"rendered":"Kratki \u017eenski \u010dipkasti kombinezon Alina bijela"},"content":{"rendered":"<p>&nbsp;Veli\u010dina: <strong>univerzalna.<\/strong><\/p>\n<p>Sastav:50% <span>poliester, 50% viskoza.<\/span><\/p>\n<p><span>&nbsp;<\/span><\/p>\n","protected":false},"excerpt":{"rendered":"<p>Trendi gumeni kombinezoni u bendu iz kojeg \u0107ete zablistati.<br \/>\nIspod kratkih hla\u010da.<\/p>\n","protected":false},"featured_media":0,"comment_status":"open","ping_status":"closed","template":"","meta":{"_acf_changed":false},"product_brand":[],"product_cat":[164,177],"product_tag":[],"class_list":{"0":"post-42127","1":"product","2":"type-product","3":"status-publish","5":"product_cat-ispusni-otvor","6":"product_cat-zenska-odjeca","7":"pa_bestseller-da","8":"pa_velikost_oblacil-uni-36-40-hr","10":"first","11":"outofstock","12":"taxable","13":"shipping-taxable","14":"product-type-variable","15":"has-default-attributes"},"acf":[],"yoast_head":"<!-- This site is optimized with the Yoast SEO plugin v27.4 - https:\/\/yoast.com\/product\/yoast-seo-wordpress\/ -->\n<title>Kratki \u017eenski \u010dipkasti kombinezon Alina bijela - inFashion<\/title>\n<meta name=\"robots\" content=\"index, follow, max-snippet:-1, max-image-preview:large, max-video-preview:-1\" \/>\n<link rel=\"canonical\" href=\"https:\/\/infashion.si\/hr\/ispusni-otvor\/kratki-zenski-kombinezoni-cipka-alina-bijela\/\" \/>\n<meta property=\"og:locale\" content=\"hr_HR\" \/>\n<meta property=\"og:type\" content=\"article\" \/>\n<meta property=\"og:title\" content=\"Kratki \u017eenski \u010dipkasti kombinezon Alina bijela - inFashion\" \/>\n<meta property=\"og:description\" content=\"Trendi gumeni kombinezoni u bendu iz kojeg \u0107ete zablistati.  Ispod kratkih hla\u010da.\" \/>\n<meta property=\"og:url\" content=\"https:\/\/infashion.si\/hr\/ispusni-otvor\/kratki-zenski-kombinezoni-cipka-alina-bijela\/\" \/>\n<meta property=\"og:site_name\" content=\"inFashion\" \/>\n<meta property=\"article:publisher\" content=\"https:\/\/www.facebook.com\/Infashionsi\" \/>\n<meta name=\"twitter:card\" content=\"summary_large_image\" \/>\n<script type=\"application\/ld+json\" class=\"yoast-schema-graph\">{\"@context\":\"https:\\\/\\\/schema.org\",\"@graph\":[{\"@type\":\"WebPage\",\"@id\":\"https:\\\/\\\/infashion.si\\\/hr\\\/ispusni-otvor\\\/kratki-zenski-kombinezoni-cipka-alina-bijela\\\/\",\"url\":\"https:\\\/\\\/infashion.si\\\/hr\\\/ispusni-otvor\\\/kratki-zenski-kombinezoni-cipka-alina-bijela\\\/\",\"name\":\"Kratki \u017eenski \u010dipkasti kombinezon Alina bijela - inFashion\",\"isPartOf\":{\"@id\":\"https:\\\/\\\/infashion.si\\\/hr\\\/#website\"},\"datePublished\":\"2022-05-13T07:28:39+00:00\",\"breadcrumb\":{\"@id\":\"https:\\\/\\\/infashion.si\\\/hr\\\/ispusni-otvor\\\/kratki-zenski-kombinezoni-cipka-alina-bijela\\\/#breadcrumb\"},\"inLanguage\":\"hr\",\"potentialAction\":[{\"@type\":\"ReadAction\",\"target\":[\"https:\\\/\\\/infashion.si\\\/hr\\\/ispusni-otvor\\\/kratki-zenski-kombinezoni-cipka-alina-bijela\\\/\"]}]},{\"@type\":\"BreadcrumbList\",\"@id\":\"https:\\\/\\\/infashion.si\\\/hr\\\/ispusni-otvor\\\/kratki-zenski-kombinezoni-cipka-alina-bijela\\\/#breadcrumb\",\"itemListElement\":[{\"@type\":\"ListItem\",\"position\":1,\"name\":\"Home\",\"item\":\"https:\\\/\\\/infashion.si\\\/hr\\\/dom\\\/\"},{\"@type\":\"ListItem\",\"position\":2,\"name\":\"Shop\",\"item\":\"https:\\\/\\\/infashion.si\\\/shop\\\/\"},{\"@type\":\"ListItem\",\"position\":3,\"name\":\"Kratki \u017eenski \u010dipkasti kombinezon Alina bijela\"}]},{\"@type\":\"WebSite\",\"@id\":\"https:\\\/\\\/infashion.si\\\/hr\\\/#website\",\"url\":\"https:\\\/\\\/infashion.si\\\/hr\\\/\",\"name\":\"inFashion\",\"description\":\"Spletna trgovina s \u010devlji in \u017eensko modo\",\"publisher\":{\"@id\":\"https:\\\/\\\/infashion.si\\\/hr\\\/#organization\"},\"potentialAction\":[{\"@type\":\"SearchAction\",\"target\":{\"@type\":\"EntryPoint\",\"urlTemplate\":\"https:\\\/\\\/infashion.si\\\/hr\\\/?s={search_term_string}\"},\"query-input\":{\"@type\":\"PropertyValueSpecification\",\"valueRequired\":true,\"valueName\":\"search_term_string\"}}],\"inLanguage\":\"hr\"},{\"@type\":\"Organization\",\"@id\":\"https:\\\/\\\/infashion.si\\\/hr\\\/#organization\",\"name\":\"InFashion\",\"url\":\"https:\\\/\\\/infashion.si\\\/hr\\\/\",\"logo\":{\"@type\":\"ImageObject\",\"inLanguage\":\"hr\",\"@id\":\"https:\\\/\\\/infashion.si\\\/hr\\\/#\\\/schema\\\/logo\\\/image\\\/\",\"url\":\"https:\\\/\\\/infashion.si\\\/wp-content\\\/uploads\\\/2022\\\/08\\\/logo_3.png\",\"contentUrl\":\"https:\\\/\\\/infashion.si\\\/wp-content\\\/uploads\\\/2022\\\/08\\\/logo_3.png\",\"width\":210,\"height\":27,\"caption\":\"InFashion\"},\"image\":{\"@id\":\"https:\\\/\\\/infashion.si\\\/hr\\\/#\\\/schema\\\/logo\\\/image\\\/\"},\"sameAs\":[\"https:\\\/\\\/www.facebook.com\\\/Infashionsi\",\"https:\\\/\\\/www.instagram.com\\\/infashion.si\\\/\"]}]}<\/script>\n<!-- \/ Yoast SEO plugin. -->","yoast_head_json":{"title":"Kratki \u017eenski \u010dipkasti kombinezon Alina bijela - inFashion","robots":{"index":"index","follow":"follow","max-snippet":"max-snippet:-1","max-image-preview":"max-image-preview:large","max-video-preview":"max-video-preview:-1"},"canonical":"https:\/\/infashion.si\/hr\/ispusni-otvor\/kratki-zenski-kombinezoni-cipka-alina-bijela\/","og_locale":"hr_HR","og_type":"article","og_title":"Kratki \u017eenski \u010dipkasti kombinezon Alina bijela - inFashion","og_description":"Trendi gumeni kombinezoni u bendu iz kojeg \u0107ete zablistati.  Ispod kratkih hla\u010da.","og_url":"https:\/\/infashion.si\/hr\/ispusni-otvor\/kratki-zenski-kombinezoni-cipka-alina-bijela\/","og_site_name":"inFashion","article_publisher":"https:\/\/www.facebook.com\/Infashionsi","twitter_card":"summary_large_image","schema":{"@context":"https:\/\/schema.org","@graph":[{"@type":"WebPage","@id":"https:\/\/infashion.si\/hr\/ispusni-otvor\/kratki-zenski-kombinezoni-cipka-alina-bijela\/","url":"https:\/\/infashion.si\/hr\/ispusni-otvor\/kratki-zenski-kombinezoni-cipka-alina-bijela\/","name":"Kratki \u017eenski \u010dipkasti kombinezon Alina bijela - inFashion","isPartOf":{"@id":"https:\/\/infashion.si\/hr\/#website"},"datePublished":"2022-05-13T07:28:39+00:00","breadcrumb":{"@id":"https:\/\/infashion.si\/hr\/ispusni-otvor\/kratki-zenski-kombinezoni-cipka-alina-bijela\/#breadcrumb"},"inLanguage":"hr","potentialAction":[{"@type":"ReadAction","target":["https:\/\/infashion.si\/hr\/ispusni-otvor\/kratki-zenski-kombinezoni-cipka-alina-bijela\/"]}]},{"@type":"BreadcrumbList","@id":"https:\/\/infashion.si\/hr\/ispusni-otvor\/kratki-zenski-kombinezoni-cipka-alina-bijela\/#breadcrumb","itemListElement":[{"@type":"ListItem","position":1,"name":"Home","item":"https:\/\/infashion.si\/hr\/dom\/"},{"@type":"ListItem","position":2,"name":"Shop","item":"https:\/\/infashion.si\/shop\/"},{"@type":"ListItem","position":3,"name":"Kratki \u017eenski \u010dipkasti kombinezon Alina bijela"}]},{"@type":"WebSite","@id":"https:\/\/infashion.si\/hr\/#website","url":"https:\/\/infashion.si\/hr\/","name":"inFashion","description":"Spletna trgovina s \u010devlji in \u017eensko modo","publisher":{"@id":"https:\/\/infashion.si\/hr\/#organization"},"potentialAction":[{"@type":"SearchAction","target":{"@type":"EntryPoint","urlTemplate":"https:\/\/infashion.si\/hr\/?s={search_term_string}"},"query-input":{"@type":"PropertyValueSpecification","valueRequired":true,"valueName":"search_term_string"}}],"inLanguage":"hr"},{"@type":"Organization","@id":"https:\/\/infashion.si\/hr\/#organization","name":"InFashion","url":"https:\/\/infashion.si\/hr\/","logo":{"@type":"ImageObject","inLanguage":"hr","@id":"https:\/\/infashion.si\/hr\/#\/schema\/logo\/image\/","url":"https:\/\/infashion.si\/wp-content\/uploads\/2022\/08\/logo_3.png","contentUrl":"https:\/\/infashion.si\/wp-content\/uploads\/2022\/08\/logo_3.png","width":210,"height":27,"caption":"InFashion"},"image":{"@id":"https:\/\/infashion.si\/hr\/#\/schema\/logo\/image\/"},"sameAs":["https:\/\/www.facebook.com\/Infashionsi","https:\/\/www.instagram.com\/infashion.si\/"]}]}},"_links":{"self":[{"href":"https:\/\/infashion.si\/hr\/wp-json\/wp\/v2\/product\/42127","targetHints":{"allow":["GET"]}}],"collection":[{"href":"https:\/\/infashion.si\/hr\/wp-json\/wp\/v2\/product"}],"about":[{"href":"https:\/\/infashion.si\/hr\/wp-json\/wp\/v2\/types\/product"}],"replies":[{"embeddable":true,"href":"https:\/\/infashion.si\/hr\/wp-json\/wp\/v2\/comments?post=42127"}],"wp:attachment":[{"href":"https:\/\/infashion.si\/hr\/wp-json\/wp\/v2\/media?parent=42127"}],"wp:term":[{"taxonomy":"product_brand","embeddable":true,"href":"https:\/\/infashion.si\/hr\/wp-json\/wp\/v2\/product_brand?post=42127"},{"taxonomy":"product_cat","embeddable":true,"href":"https:\/\/infashion.si\/hr\/wp-json\/wp\/v2\/product_cat?post=42127"},{"taxonomy":"product_tag","embeddable":true,"href":"https:\/\/infashion.si\/hr\/wp-json\/wp\/v2\/product_tag?post=42127"}],"curies":[{"name":"wp","href":"https:\/\/api.w.org\/{rel}","templated":true}]}}

Kratki ženski čipkasti kombinezon Alina bijela

<p>&nbsp;Veličina: <strong>univerzalna.</strong></p>
<p>Sastav:50% <span>poliester, 50% viskoza.</span></p>
<p><span>&nbsp;</span></p>

<p>Trendi gumeni kombinezoni u bendu iz kojeg ćete zablistati.<br />
Ispod kratkih hlača.</p>

<!-- This site is optimized with the Yoast SEO plugin v27.4 - https://yoast.com/product/yoast-seo-wordpress/ -->
<title>Kratki ženski čipkasti kombinezon Alina bijela - inFashion</title>
<meta name="robots" content="index, follow, max-snippet:-1, max-image-preview:large, max-video-preview:-1" />
<link rel="canonical" href="https://infashion.si/hr/ispusni-otvor/kratki-zenski-kombinezoni-cipka-alina-bijela/" />
<meta property="og:locale" content="hr_HR" />
<meta property="og:type" content="article" />
<meta property="og:title" content="Kratki ženski čipkasti kombinezon Alina bijela - inFashion" />
<meta property="og:description" content="Trendi gumeni kombinezoni u bendu iz kojeg ćete zablistati.  Ispod kratkih hlača." />
<meta property="og:url" content="https://infashion.si/hr/ispusni-otvor/kratki-zenski-kombinezoni-cipka-alina-bijela/" />
<meta property="og:site_name" content="inFashion" />
<meta property="article:publisher" content="https://www.facebook.com/Infashionsi" />
<meta name="twitter:card" content="summary_large_image" />
<script type="application/ld+json" class="yoast-schema-graph">{"@context":"https:\/\/schema.org","@graph":[{"@type":"WebPage","@id":"https:\/\/infashion.si\/hr\/ispusni-otvor\/kratki-zenski-kombinezoni-cipka-alina-bijela\/","url":"https:\/\/infashion.si\/hr\/ispusni-otvor\/kratki-zenski-kombinezoni-cipka-alina-bijela\/","name":"Kratki ženski čipkasti kombinezon Alina bijela - inFashion","isPartOf":{"@id":"https:\/\/infashion.si\/hr\/#website"},"datePublished":"2022-05-13T07:28:39+00:00","breadcrumb":{"@id":"https:\/\/infashion.si\/hr\/ispusni-otvor\/kratki-zenski-kombinezoni-cipka-alina-bijela\/#breadcrumb"},"inLanguage":"hr","potentialAction":[{"@type":"ReadAction","target":["https:\/\/infashion.si\/hr\/ispusni-otvor\/kratki-zenski-kombinezoni-cipka-alina-bijela\/"]}]},{"@type":"BreadcrumbList","@id":"https:\/\/infashion.si\/hr\/ispusni-otvor\/kratki-zenski-kombinezoni-cipka-alina-bijela\/#breadcrumb","itemListElement":[{"@type":"ListItem","position":1,"name":"Home","item":"https:\/\/infashion.si\/hr\/dom\/"},{"@type":"ListItem","position":2,"name":"Shop","item":"https:\/\/infashion.si\/shop\/"},{"@type":"ListItem","position":3,"name":"Kratki ženski čipkasti kombinezon Alina bijela"}]},{"@type":"WebSite","@id":"https:\/\/infashion.si\/hr\/#website","url":"https:\/\/infashion.si\/hr\/","name":"inFashion","description":"Spletna trgovina s čevlji in žensko modo","publisher":{"@id":"https:\/\/infashion.si\/hr\/#organization"},"potentialAction":[{"@type":"SearchAction","target":{"@type":"EntryPoint","urlTemplate":"https:\/\/infashion.si\/hr\/?s={search_term_string}"},"query-input":{"@type":"PropertyValueSpecification","valueRequired":true,"valueName":"search_term_string"}}],"inLanguage":"hr"},{"@type":"Organization","@id":"https:\/\/infashion.si\/hr\/#organization","name":"InFashion","url":"https:\/\/infashion.si\/hr\/","logo":{"@type":"ImageObject","inLanguage":"hr","@id":"https:\/\/infashion.si\/hr\/#\/schema\/logo\/image\/","url":"https:\/\/infashion.si\/wp-content\/uploads\/2022\/08\/logo_3.png","contentUrl":"https:\/\/infashion.si\/wp-content\/uploads\/2022\/08\/logo_3.png","width":210,"height":27,"caption":"InFashion"},"image":{"@id":"https:\/\/infashion.si\/hr\/#\/schema\/logo\/image\/"},"sameAs":["https:\/\/www.facebook.com\/Infashionsi","https:\/\/www.instagram.com\/infashion.si\/"]}]}</script>
<!-- / Yoast SEO plugin. -->

Kratki ženski čipkasti kombinezon Alina bijela - inFashion

Trendi gumeni kombinezoni u bendu iz kojeg ćete zablistati.  Ispod kratkih hlača.

Spletna trgovina s čevlji in žensko modo
